what is -3de4f - 73c?
-3e58b
In base 15, what is -628b3d9 + -1?
-628b3da
In base 15, what is 273 - -c2d4?
c557
In base 3, what is -20 + 1010211020022011?
1010211020021221
In base 15, what is 3 + -aeea2?
-aee9e
In base 16, what is 196f + 5279?
6be8
In base 2, what is 100101111 - -111111010001000?
111111110110111
In base 2, what is 100100000101111001 + -111001100?
100011111110101101
In base 8, what is 4 - 2620225?
-2620221
In base 6, what is -140234 + -255200?
-435434
In base 9, what is 61673162 - -5?
61673167
In base 7, what is 31654601 - 22?
31654546
In base 7, what is 260526 + 41345?
332204
In base 16, what is -ebc - 38?
-ef4
In base 6, what is 133241 - 3542?
125255
In base 6, what is -214455124 - -103?
-214455021
In base 3, what is -12 - 100011012012?
-100011012101
In base 15, what is a + 45325e?
453269
In base 15, what is 2d - 21d48d?
-21d460
In base 16, what is 1 + 6fdec4f?
6fdec50
In base 11, what is -6023780 - 3?
-6023783
In base 11, what is 0 + -11a07a6?
-11a07a6
In base 11, what is -670 - 8056?
-8716
In base 16, what is a55b1e - 1?
a55b1d
In base 2, what is -11 + -1100100110101101001100001?
-1100100110101101001100100
In base 10, what is 632 + -19351?
-18719
In base 5, what is -1214342004 + -4?
-1214342013
In base 4, what is 23113001 + 2021?
23121022
In base 10, what is 4 - 102237?
-102233
In base 2, what is -10010 - 10111101011100?
-10111101101110
In base 15, what is a - 1a1613?
-1a1608
In base 4, what is 331 + -123022011?
-123021020
In base 3, what is -222111002 - -20021?
-222020211
In base 5, what is -301 + 2034003002?
2034002201
In base 3, what is 1212002102112 - 1112?
1212002101000
In base 13, what is 0 - -79590a?
79590a
In base 4, what is 1302 + 23022102221?
23022110123
In base 16, what is 2cb - 135138?
-134e6d
In base 10, what is 215 - -3597?
3812
In base 8, what is 12421661 - -11?
12421672
In base 5, what is -3 + -1312112033?
-1312112041
In base 12, what is -2128 + -11732?
-1385a
In base 9, what is 40 + 2106580?
2106630
In base 11, what is -43a8 - -22617?
1921a
In base 14, what is -1481c + c5?
-14737
In base 9, what is 4252184 + 14?
4252208
In base 6, what is 5 - 11351133501?
-11351133452
In base 8, what is -267 - 40236?
-40525
In base 15, what is 4518a + -7e?
4510b
In base 12, what is -5 - 331a19?
-331a22
In base 6, what is -4 - -33233143?
33233135
In base 6, what is 343405 - 1214?
342151
In base 8, what is -10324075 - -5?
-10324070
In base 5, what is 242310001212 - 0?
242310001212
In base 14, what is -9d + -7ba0?
-7c5d
In base 9, what is 67677482 - 4?
67677477
In base 14, what is -27ca80 + 2c?
-27ca52
In base 12, what is -1389 - 238970?
-23a139
In base 13, what is 1 + c0ac575?
c0ac576
In base 9, what is -12554 - 1013?
-13567
In base 14, what is 2c1b9 + 1456?
2d631
In base 3, what is -101 + 2011112002000222?
2011112002000121
In base 7, what is -3 + 20132104?
20132101
In base 11, what is -988269 + -8?
-988276
In base 4, what is 20102 + 1023321102?
1030001210
In base 14, what is 8248583 - a?
8248577
In base 9, what is 5686 + -1846?
3740
In base 3, what is 12111212011012 + -220?
12111212010022
In base 11, what is -4 + 2396151?
2396148
In base 16, what is 331 - -b2b?
e5c
In base 2, what is -1 - -11111101000011110101010?
11111101000011110101001
In base 7, what is -206 - 1600336?
-1600545
In base 15, what is -1a + d9b64?
d9b49
In base 15, what is d2d42 - 5?
d2d3c
In base 14, what is aa - d7d90?
-d7cc4
In base 2, what is -11 + 1101100010100010010001?
1101100010100010001110
In base 5, what is 142 + 44120300?
44120442
In base 11, what is -10 + 481464?
481454
In base 5, what is 102420022 - -42?
102420114
In base 13, what is -1c0a5c - 52?
-1c0ab1
In base 14, what is 428470 - 20?
428450
In base 13, what is -c18b6 - -626?
-c1290
In base 16, what is -36161a - -17?
-361603
In base 14, what is -10d83 + 77?
-10d0a
In base 6, what is -1 + 1504002?
1504001
In base 12, what is -5 + -12190b1?
-12190b6
In base 7, what is 4 + 43651556?
43651563
In base 8, what is -643 - 201523?
-202366
In base 11, what is 112aa3 + -262?
112841
In base 11, what is -3 + -3a51588?
-3a51590
In base 13, what is 302 + -92a1b?
-92719
In base 7, what is -14531164 + 120?
-14531044
In base 3, what is 101111220021 + -11121?
101111201200
In base 5, what is 121 + 23331322?
23331443
In base 10, what is 208 + -13445?
-13237
In base 3, what is -12 + 120101222121122?
120101222121110
In base 5, what is 11332133 - 13314?
11313314
In base 11, what is -114133a8 - -12?
-11413396
In base 7, what is 312234436 + -2?
312234434
In base 7, what is 333146 - 150?
332666
In base 11, what is 8a - -18661?
18740
In base 9, what is -11 - 33866664?
-33866675
In base 4, what is 121012132203 + -10?
121012132133
In base 15, what is 3 - 1e0626?
-1e0623
In base 4, what is 23001220 + -123220?
22212000
In base 2, what is 11010 + 11011100101100010011?
11011100101100101101
In base 16, what is -61201d0 - -2?
-61201ce
In base 4, what is 1 + -1111130010322?
-1111130010321
In base 16, what is -291be0a - -4?
-291be06
In base 4, what is 10200211220 + 201?
10200212021
In base 4, what is 10 - 2323120103321?
-2323120103311
In base 13, what is cb6297 + -19?
cb627b
In base 2, what is -11101110111100010110 + -1010101?
-11101110111101101011
In base 11, what is 2145a115 + -2?
2145a113
In base 4, what is 13202330132023 + -2?
13202330132021
In base 10, what is -4 + -36523880?
-36523884
In base 7, what is -325433 + 1210?
-324223
In base 14, what is -5 + -1374501b?
-13745022
In base 8, what is -4 - -3460316?
3460312
In base 6, what is -23243550 + 1012?
-23242534
In base 13, what is 1087b + 1210?
11a8b
In base 8, what is -5267243 + 2?
-5267241
In base 13, what is 103 - a032?
-9c2c
In base 11, what is 1890a1825 + 0?
1890a1825
In base 5, what is 420 + -13343231?
-13342311
In base 5, what is 42202042403 + -1?
42202042402
In base 4, what is -213303 + -2122102?
-3002011
In base 10, what is 39 + -249685?
-249646
In base 16, what is 4 + 379007?
37900b
In base 3, what is 1212110020000002 - -2?
1212110020000011
In base 11, what is 18114847 + 4?
18114850
In base 7, what is -40306 + 2402?
-34604
In base 11, what is -1a00568a4 + -4?
-1a00568a8
In base 6, what is 140243331 + -4?
140243323
In base 3, what is -1200221102001 + 22?
-1200221101202
In base 13, what is 1 + -38c2b3c?
-38c2b3b
In base 4, what is 1121 + -211233231310?
-211233230123
In base 14, what is 12711 + -13?
126dc
In base 15, what is 34b3 + -eed?
24b5
In base 10, what is 2 + -6951595?
-6951593
In base 6, what is 2130250 + 243?
2130533
In base 9, what is -4664 - 4283?
-10057
In base 12, what is -89 - 20838?
-20905
In base 12, what is 39 - 157bb0?
-157b73
In base 6, what is 52 + -42244511?
-42244415
In base 6, what is -33202210 + -43?
-33202253
In base 12, what is 1a3236 - a?
1a3228
In base 9, what is 5415631 + -17?
5415613
In base 6, what is 202513 - -501?
203414
In base 15, what is 94 + -e3b92?
-e3aed
In base 5, what is 1143134301 - 443?
1143133303
In base 11, what is -688a31 - 8?
-688a39
In base 2, what is -1000110011000100 - 101111000001001?
-1110101011001101
In base 15, what is 3 - 4227151?
-422714d
In base 5, what is -123222 - 10220?
-133442
In base 10, what is -11244542 + -3?
-11244545
In base 3, what is 0 + 100102120002120?
100102120002120
In base 15, what is -48dd0 + 2c?
-48da3
In base 8, what is 3201232 - 40?
3201172
In base 7, what is -402310134 - -3?
-402310131
In base 4, what is 2013010210 + 30?
2013010300
In base 13, what is 1 + -641a7?
-641a6
In base 15, what is 198 + -15b5d?
-159b5
In base 11, what is 0 + -67032257?
-67032257
In base 14, what is -4 - -127b2b3?
127b2ad
In base 2, what is -110011 + 1111001010101111?
1111001001111100
In base 7, what is 1100610 + 106?
1101016
In base 12, what is -27702 - -168?
-27556
In base 6, what is -441034 + -2350?
-443424
In base 10, what is 2 - 1501164?
-1501162
In base 3, what is 1 + -1011212010020211?
-1011212010020210
In base 8, what is -327 + 142722?
142373
In base 8, what is -40106 - 12166?
-52274
In base 14, what is 132c613 - 6?
132c60b
In base 4, what is -2123 + 10122323231?
10122321102
In base 4, what is 130010 - 313211?
-123201
In base 10, what is -1 - 1031716?
-1031717
In base 3, what is 2220221201122 - 20?
2220221201102
In base 10, what is 0 + 398583?
398583
In base 11, what is -64a - 90a?
-1459
In base 7, what is 